{"id":1361,"date":"2016-09-19T12:06:28","date_gmt":"2016-09-19T10:06:28","guid":{"rendered":"http:\/\/feuerwehr-holdorf.de\/?page_id=1361"},"modified":"2022-02-23T20:40:18","modified_gmt":"2022-02-23T19:40:18","slug":"geschichte-der-ff-fladderlohausen","status":"publish","type":"page","link":"https:\/\/test.feuerwehr-holdorf.de\/?page_id=1361","title":{"rendered":"Geschichte der FF Fladderlohausen"},"content":{"rendered":"<p><span style=\"color: #ff0000; text-decoration: underline;\"><em><strong>1933:<\/strong><\/em><\/span><\/p>\n<p>Die Feuerwehr Fladderlohausen wird am 6.5.1933 als erste eingetragene freiwillige Feuerwehr in der Gemeinde Holdorf gegr\u00fcndet. Erster Ortsbrandmeister war der Schmiedemeister Fritz M\u00f6ller. Weitere Gr\u00fcndungsmitglieder (insgesamt 13) waren Kaufmann Hugo Wellmann, Landwirt Hermann Meyer, Landwirt Martin Liening, Landwirt Wilhelm Boye, Landwirt Josef Krolage, Landwirt Josef Seep, Landwirt Josef Plagge, Landwirt August Ortmann, H\u00e4ndler Georg Wobbeler, Landwirt Josef Wessel, Ernst Tackenberg sowie Landwirt Clemens Kruse.<\/p>\n<p><span style=\"color: #ff0000; text-decoration: underline;\"><strong><em>1934:<\/em><\/strong><span style=\"color: #ff0000; text-decoration: underline;\"><em><strong><img loading=\"lazy\" decoding=\"async\" class=\"alignright size-full wp-image-1429\" src=\"http:\/\/feuerwehr-holdorf.de\/wp-content\/uploads\/2016\/09\/Hugo-Wellmann.jpg\" alt=\"hugo-wellmann\" width=\"150\" height=\"188\"><\/strong><\/em><\/span><\/span><br \/>\n1934&nbsp; bekam die Lorser Wehr eine Handdruckspritze. Diese hatte den Vorteil, dass man Wasser bereits ansaugen konnte und das L\u00f6schger\u00e4t somit nicht mehr mit Wassereimern bef\u00fcllt werden musste. Au\u00dferdem l\u00f6ste Hugo Wellmann (Foto rechts) in diesem&nbsp;Jahr Fritz M\u00f6ller als Ortsbrandmeister ab.<\/p>\n<p><span style=\"color: #ff0000; text-decoration: underline;\"><strong><em>1939\/1940:<\/em><\/strong><\/span><\/p>\n<p>1939&nbsp; wurde die FF Fladderlohausen aufger\u00fcstet. So erhielten die Kameraden einen offenen, mit Benzin angetriebenen Mannschaftswagen, mit dem man nun schneller ausr\u00fccken konnte, da man nicht mehr auf die Landwirte <span style=\"color: #ff0000; text-decoration: underline;\"><em><strong><img loading=\"lazy\" decoding=\"async\" class=\"alignright size-full wp-image-1432\" src=\"http:\/\/feuerwehr-holdorf.de\/wp-content\/uploads\/2016\/09\/Georg-Wobbeler.jpg\" alt=\"georg-wobbeler\" width=\"150\" height=\"189\"><\/strong><\/em><\/span>mit ihren Gespannen angewiesen war. Ein Jahr sp\u00e4ter kam dann noch ein Tragkraftspritzenanh\u00e4nger (TSA) mit einer Motorpumpe TS 8 dazu. Nun konnte man schon von einer gut ausger\u00fcsteten Feuerwehr sprechen, wenn es sich auch bei beiden Fahrzeugen um Gebrauchtfahrzeuge handelte. Im Jahre 1939 gab es au\u00dferdem einen Wechsel in der F\u00fchrungsebene. Georg Wobbeler (Foto rechts) wurde neuer Ortsbrandmeister in Fladderlohausen, da Hugo Wellmann zur Wehrmacht eingezogen war.<\/p>\n<p><span style=\"color: #ff0000; text-decoration: underline;\"><strong><em>1945:<\/em><\/strong><\/span><\/p>\n<p>Nach dem 2. Weltkrieg wurde die Feuerwehr Fladderlohausen nach und nach durch R\u00fcckkehrer aus Krieg, Gefangenschaft und Lazarett wieder. F\u00fcr f\u00fcnf Mitglieder jedoch endete der Krieg mit dem Tod. Somit hatte die Feuerwehr am 01.10.1945 eine Mitgliederst\u00e4rke von 29 Kameraden.<\/p>\n<p><span style=\"color: #ff0000; text-decoration: underline;\"><strong><em>1949\/1950:<\/em><\/strong><span style=\"color: #ff0000; text-decoration: underline;\"><strong><em><img loading=\"lazy\" decoding=\"async\" class=\"alignright size-full wp-image-1438\" src=\"http:\/\/feuerwehr-holdorf.de\/wp-content\/uploads\/2016\/09\/Hermann-Meyer.jpg\" alt=\"hermann-meyer\" width=\"150\" height=\"202\"><\/em><\/strong><\/span><\/span><\/p>\n<p>Das Nieders\u00e4chsische Brandschutzgesetz tritt im Jahre 1949 in Kraft. Dieses beinhaltete, dass die Kommunen von nun an f\u00fcr die Ausr\u00fcstung der Feuerwehren zust\u00e4ndig sind. Daher wurde die Lorser Wehr durch Kauf von Dienstkleidung und Erneuerung der Schl\u00e4uche weiter modernisiert. \u00dcberschattet wurde dieses Jahr allerdings durch den Unfalltod des Ortsbrandmeisters Georg Wobbeler. F\u00fcr ein Jahr \u00fcbernahm Hugo Wellmann wieder diesen Posten, bevor er im Jahre 1950 sein Amt wieder zur Verf\u00fcgung stellte. Sein Nachfolger wurde Hermann Meyer (Foto rechts).<\/p>\n<p><span style=\"text-decoration: underline;\"><span style=\"color: #ff0000; text-decoration: underline;\"><strong><em>1951:<\/em><\/strong><\/span><\/span><\/p>\n<p>Der Fuhrpark der Feuerwehr Fladderlohausen wird modernisiert. Sie erh\u00e4lt ein LF 8, Modell Ford Ruhr. Dadurch wurde die Einsatzkraft der Feuerwehr erheblich erh\u00f6ht. Da es allerdings kein Originalfoto des Lorser L\u00f6schgruppenfahrzeugs gibt, ist hier ein Foto des baugleichen Fahrzeugs abgebildet, welches die Visbeker Wehr im Jahre 1950 erhielt.<\/p>\n<p><span style=\"color: #ff0000; text-decoration: underline;\"><em><strong><img loading=\"lazy\" decoding=\"async\" class=\"aligncenter size-full wp-image-1439\" src=\"http:\/\/feuerwehr-holdorf.de\/wp-content\/uploads\/2016\/09\/LF-8-Lorse.jpg\" alt=\"lf-8-lorse\" width=\"572\" height=\"320\" srcset=\"https:\/\/test.feuerwehr-holdorf.de\/wp-content\/uploads\/2016\/09\/LF-8-Lorse.jpg 572w, https:\/\/test.feuerwehr-holdorf.de\/wp-content\/uploads\/2016\/09\/LF-8-Lorse-300x168.jpg 300w\" sizes=\"auto, (max-width: 572px) 100vw, 572px\" \/><\/strong><\/em><\/span><\/p>\n<p><span style=\"color: #ff0000; text-decoration: underline;\"><strong><em>1953:<\/em><\/strong><img loading=\"lazy\" decoding=\"async\" class=\"size-full wp-image-1441 alignright\" src=\"http:\/\/feuerwehr-holdorf.de\/wp-content\/uploads\/2016\/09\/Hermann-Niemann.jpg\" alt=\"hermann-niemann\" width=\"150\" height=\"203\"><\/span><\/p>\n<p>Nachdem Willi Boye im Jahre 1952 zum Ortsbrandmeister gew\u00e4hlt wurde und diesen Posten ein Jahr sp\u00e4ter bereits wieder zur Verf\u00fcgung stellte, musste ein neuer Ortsbrandmeister gefunden werden. Einstimmig wurde hierzu Hermann Niemann (Foto rechts) gew\u00e4hlt.<\/p>\n<p><span style=\"text-decoration: underline;\"><em><span style=\"color: #ff0000;\"><strong>1958:<\/strong><\/span><\/em><\/span><\/p>\n<p>Ein gro\u00dfes Ereignis in der Gemeinde Holdorf. Beide Feuerwehren blicken auf 25 Jahre zur\u00fcck.<\/p>\n<p><span style=\"color: #ff0000; text-decoration: underline;\"><strong><em>1965:<\/em><\/strong><\/span><\/p>\n<p>Nachdem der bisherige Gemeindebrandmeister <span style=\"color: #ff0000; text-decoration: underline;\"><span style=\"color: #ff0000; text-decoration: underline;\"><em><strong><img loading=\"lazy\" decoding=\"async\" class=\"alignright size-full wp-image-1442\" src=\"http:\/\/feuerwehr-holdorf.de\/wp-content\/uploads\/2016\/09\/Karl-Seep.jpg\" alt=\"karl-seep\" width=\"150\" height=\"194\"><\/strong><\/em><\/span><\/span>Johann Folkers nach insgesamt 31 Jahren als Orts- bzw. Gemeindebrandmeister im Jahre 1964 verstarb, wurde 1965 ein neuer Gemeindebrandmeister gew\u00e4hlt. Einstimmig wurde der bisherige Fladderlohausener Ortsbrandmeister Hermann Niemann gew\u00e4hlt. Somit musste dieser Posten neu besetzt werden. Die Kameraden w\u00e4hlten Karl Seep (Foto rechts) einstimmig zu Niemanns Nachfolger.<\/p>\n<p><span style=\"color: #ff0000; text-decoration: underline;\"><em><strong>1974:<\/strong><\/em><\/span><\/p>\n<p>Der Fuhrpark der Feuerwehr Fladderlohausen wird weiter modernisiert. F\u00fcr das mittlerweile in die Jahre gekommene LF8 wurde ein neues LF 8 von&nbsp;Mercedes mit Ziegleraufbau&nbsp;(siehe Foto) beschafft.<\/p>\n<p><img loading=\"lazy\" decoding=\"async\" class=\"aligncenter size-full wp-image-1444\" src=\"http:\/\/feuerwehr-holdorf.de\/wp-content\/uploads\/2016\/09\/LF-8-bis-2006.jpg\" alt=\"lf-8-bis-2006\" width=\"554\" height=\"379\" srcset=\"https:\/\/test.feuerwehr-holdorf.de\/wp-content\/uploads\/2016\/09\/LF-8-bis-2006.jpg 554w, https:\/\/test.feuerwehr-holdorf.de\/wp-content\/uploads\/2016\/09\/LF-8-bis-2006-300x205.jpg 300w\" sizes=\"auto, (max-width: 554px) 100vw, 554px\" \/><\/p>\n<p><span style=\"color: #ff0000; text-decoration: underline;\"><em><strong>1976:<\/strong><\/em><\/span><\/p>\n<p>Das Feuerwehrhaus in Fladderlohausen muss erneuert werden. Aufgrund der immer weiter voranschreitenden Modernisierung hatte das Spritzenhaus nicht mehr den Standard, den die Wehr mittlerweile erreicht hatte. So wurde 1976 an der Sch\u00fctzenhalle ein Anbau errichtet, der noch bis heute als Feuerwehrhaus f\u00fcr die Lorser Kameraden dient.<\/p>\n<p><span style=\"color: #ff0000; text-decoration: underline;\"><strong><em>1977:<\/em><\/strong><span style=\"color: #ff0000; text-decoration: underline;\"><em><strong><img loading=\"lazy\" decoding=\"async\" class=\"alignright size-full wp-image-1445\" src=\"http:\/\/feuerwehr-holdorf.de\/wp-content\/uploads\/2016\/09\/Werner-Niemann.jpg\" alt=\"werner-niemann\" width=\"150\" height=\"205\"><\/strong><\/em><\/span><\/span><\/p>\n<p>Der bisherige Ortsbrandmeister Karl Seep muss sein Amt aus&nbsp;gesundheitlichen Gr\u00fcnden niederlegen. Sein Nachfolger wird sein bisheriger Stellvertreter Werner Niemann (Foto rechts).<\/p>\n<p><span style=\"color: #ff0000; text-decoration: underline;\"><strong><em>1981:<\/em><\/strong><\/span><\/p>\n<p>Nachdem man in den Jahren 1972, 1975, 1978 und 1981 die Kreisleistungswettk\u00e4mpfe gewann und sich somit f\u00fcr die Bezirkswettk\u00e4mpfe qualifizierte, gelang im Jahre 1981 der gro\u00dfe Wurf. Die Wettkampfgruppe aus Lorse, wegen ihrer in den&nbsp;meisten Gemeinden schon ausgemusterten, alten Uniformen die \u201eschwarze&nbsp; Gang\u201c genannt, gewann bei den Bezirkswettk\u00e4mpfen in Rastede den Bezirkstitel.<\/p>\n<p><span style=\"color: #ff0000; text-decoration: underline;\"><em><strong><img loading=\"lazy\" decoding=\"async\" class=\"aligncenter size-full wp-image-1446\" src=\"http:\/\/feuerwehr-holdorf.de\/wp-content\/uploads\/2016\/09\/Wettkampfgruppe-Lorse.jpg\" alt=\"wettkampfgruppe-lorse\" width=\"523\" height=\"314\" srcset=\"https:\/\/test.feuerwehr-holdorf.de\/wp-content\/uploads\/2016\/09\/Wettkampfgruppe-Lorse.jpg 523w, https:\/\/test.feuerwehr-holdorf.de\/wp-content\/uploads\/2016\/09\/Wettkampfgruppe-Lorse-300x180.jpg 300w\" sizes=\"auto, (max-width: 523px) 100vw, 523px\" \/><\/strong><\/em><\/span><\/p>\n<p><span style=\"color: #ff0000; text-decoration: underline;\"><em><strong>1985:<\/strong><\/em><\/span><\/p>\n<p>Hermann Niemann erreicht am 21.05.1986 die Altersgrenze und muss in die Altersabteilung wechseln. Somit muss der Posten des Gemeindebrandmeister neu besetzt werden. Bernhard gr. Schlarmann (FF Holdorf) wurde mit gro\u00dfer Mehrheit gew\u00e4hlt.<\/p>\n<p><span style=\"color: #ff0000; text-decoration: underline;\"><em><strong>1989:<\/strong><\/em><\/span><\/p>\n<p>Die Feuerwehr Fladderlohausen bekommt einen neuen Ortsbrandmeister. Da sie im Jahre 1989 zur St\u00fctzpunktfeuerwehr hochgestuft wurde und somit neue Weiterbildungen f\u00fcr den Ortsbrandmeister n\u00f6tig waren, stellte Werner Niemann nach 12 Jahren Amtszeit seinen Posten zur Verf\u00fcgung.&nbsp;Zum neuen&nbsp;Lorser Ortsbrandmeister wurde der bisherige Stellvertreter Stefan Borgmann gew\u00e4hlt. Neuer Stellvertreter ist nun G\u00fcnter Boye.<\/p>\n<p><span style=\"color: #ff0000; text-decoration: underline;\"><strong><em>1990:<\/em><\/strong><\/span><\/p>\n<p>Die Technik schreitet immer weiter voran. So musste im Jahre 1990 ein neues Fahrzeug f\u00fcr die Holdorfer Kameraden&nbsp;angeschafft werden. Sie bekamen ein neues TLF 16\/25, da das alte TLF f\u00fcr die h\u00e4ufigen Autobahneins\u00e4tze nicht geeignet war. Da es allerdings f\u00fcr den Wassertransport noch bestens geeignet war, wurde das Fahrzeug an die Feuerwehr Fladderlohausen \u00fcbergeben. F\u00fcr dieses Fahrzeug musste allerdings im Jahre 1989 eine zweite Fahrzeugbox angebaut werden.<\/p>\n<p><span style=\"color: #ff0000; text-decoration: underline;\"><em><strong><img loading=\"lazy\" decoding=\"async\" class=\"aligncenter size-full wp-image-1447\" src=\"http:\/\/feuerwehr-holdorf.de\/wp-content\/uploads\/2016\/09\/TLF-ab-1990.jpg\" alt=\"tlf-ab-1990\" width=\"542\" height=\"351\" srcset=\"https:\/\/test.feuerwehr-holdorf.de\/wp-content\/uploads\/2016\/09\/TLF-ab-1990.jpg 542w, https:\/\/test.feuerwehr-holdorf.de\/wp-content\/uploads\/2016\/09\/TLF-ab-1990-300x194.jpg 300w\" sizes=\"auto, (max-width: 542px) 100vw, 542px\" \/><\/strong><\/em><\/span><\/p>\n<p><span style=\"color: #ff0000;\"><span style=\"text-decoration: underline;\"><strong><em>2001:<\/em><\/strong><\/span><\/span><\/p>\n<p>Stefan Borgmann kann aufgrund des Erreichens der Altersgrenze den Posten des Ortsbrandmeisters nicht weiter ausf\u00fchren. In ihrer Generalversammlung w\u00e4hlten die Mitglieder Klaus Meyer zum neuen Ortsbrandmeister. G\u00fcnter Boye blieb weiterhin Stellvertreter.<\/p>\n<p><span style=\"color: #ff0000; text-decoration: underline;\"><em><strong>2002:<\/strong><\/em><\/span><\/p>\n<p>Das TLF, welches man ja schon bereits im Jahre 1990 gebraucht von den Holdorfer Kameraden erhielt, war nicht mehr Stand der Technik. Somit wurde die Gemeinde t\u00e4tig und schaffte f\u00fcr die Lorser Kameraden ein neues TLF an. Das TLF 16\/24 Tr konnte am 30.07.2002 in den Dienst gestellt werden. (<a href=\"http:\/\/feuerwehr-holdorf.de\/?page_id=35\">Fahrzeuginfos hier<\/a>)<\/p>\n<p><span style=\"color: #ff0000; text-decoration: underline;\"><em><strong>2003:<\/strong><\/em><\/span><\/p>\n<p>Am 24.08.2003 fand ein Tag der offenen T\u00fcr statt. Dort wurde nicht nur die neue TS 8\/8 eingeweiht, sondern auch eine besondere Ehrung vorgenommen. Da die Feuerwehr Fladderlohausen seit nun mehr 70 Jahren bestand, wurde Joseph Wessel als letztes lebendes Gr\u00fcndungsmitglied f\u00fcr 70-j\u00e4hrige Mitgliedschaft geehrt. Drei Jahre sp\u00e4ter starb Joseph Wessel und eine Epoche ging zu Ende.<\/p>\n<p><span style=\"color: #ff0000; text-decoration: underline;\"><em><strong>2006:<\/strong><\/em><\/span><\/p>\n<p>Der Fahrzeugpark wird weiter erneuert. Die Lorser Wehr erh\u00e4lt f\u00fcr das bereits in die Jahre gekommene LF ein neues LF 8. (<a href=\"http:\/\/feuerwehr-holdorf.de\/?page_id=33\">Fahrzeuginfos hier<\/a>)<\/p>\n<p><img loading=\"lazy\" decoding=\"async\" class=\"size-medium wp-image-296 aligncenter\" src=\"http:\/\/feuerwehr-holdorf.de\/wp-content\/uploads\/2016\/08\/LF8_2-300x224.jpg\" alt=\"OLYMPUS DIGITAL CAMERA\" width=\"300\" height=\"224\" srcset=\"https:\/\/test.feuerwehr-holdorf.de\/wp-content\/uploads\/2016\/08\/LF8_2-300x224.jpg 300w, https:\/\/test.feuerwehr-holdorf.de\/wp-content\/uploads\/2016\/08\/LF8_2-768x574.jpg 768w, https:\/\/test.feuerwehr-holdorf.de\/wp-content\/uploads\/2016\/08\/LF8_2-975x729.jpg 975w, https:\/\/test.feuerwehr-holdorf.de\/wp-content\/uploads\/2016\/08\/LF8_2.jpg 1000w\" sizes=\"auto, (max-width: 300px) 100vw, 300px\" \/><\/p>\n<p><span style=\"color: #ff0000; text-decoration: underline;\"><em><strong>2007:<\/strong><\/em><\/span><\/p>\n<p>Jens Wobbeler \u00fcbernimmt den Posten des stv. Ortsbrandmeisters von G\u00fcnter Boye.<\/p>\n<p><span style=\"color: #ff0000; text-decoration: underline;\"><em><strong>2009:<\/strong><\/em><\/span><\/p>\n<p>Die Feuerwehr Holdorf bildet gemeinsam mit der Feuerwehr Fladderlohausen als letzte Ortswehr im Landkreis Vechta eine Jugendfeuerwehr. Dadurch soll dem demographischen Wandel vorgebeugt werden und somit f\u00fcr Nachwuchs gesorgt werden. Daniel Fra\u00df als Jugendfeuerwehrwart und Hendrik Bocklage als sein Stellvertreter leiten die junge Truppe.<\/p>\n<p><span style=\"color: #ff0000; text-decoration: underline;\"><strong><em>2012:<\/em><\/strong><\/span><img loading=\"lazy\" decoding=\"async\" class=\"alignright size-thumbnail wp-image-1350\" src=\"http:\/\/feuerwehr-holdorf.de\/wp-content\/uploads\/2016\/09\/Hendrik-Bocklage_1000px-150x150.jpg\" alt=\"\" width=\"150\" height=\"150\" srcset=\"https:\/\/test.feuerwehr-holdorf.de\/wp-content\/uploads\/2016\/09\/Hendrik-Bocklage_1000px-150x150.jpg 150w, https:\/\/test.feuerwehr-holdorf.de\/wp-content\/uploads\/2016\/09\/Hendrik-Bocklage_1000px-270x270.jpg 270w, https:\/\/test.feuerwehr-holdorf.de\/wp-content\/uploads\/2016\/09\/Hendrik-Bocklage_1000px-230x230.jpg 230w\" sizes=\"auto, (max-width: 150px) 100vw, 150px\" \/><\/p>\n<p>Daniel Fra\u00df kann aus beruflichen Gr\u00fcnden den Posten des Jugendfeuerwehrwartes nicht mehr aus\u00fcben. Sein Stellvertreter Hendrik Bocklage (Foto rechts) \u00fcbernimmt diesen Posten. Hans-J\u00fcrgen Pr\u00fcne \u00fcbernimmt diesen Posten f\u00fcr ein Jahr, ehe Jens Lindemann neuer stv. Jugendfeuerwehrwart wird.<\/p>\n<p><span style=\"text-decoration: underline; color: #ff0000;\"><em><strong>2018:<\/strong><\/em><\/span><\/p>\n<p>F\u00fchrungswechsel in der gemeinsamen Jugendfeuerwehr: Hendrik Bocklage stellt sein Amt des Jugendfeuerwehrwartes zur Verf\u00fcgung. Sein bisheriger Stellvertreter Jens Lindemann \u00fcbernimmt von nun an dieses Amt. Stellvertreterin ist von nun an Antonia Nobbe.<a href=\"http:\/\/feuerwehr-holdorf.de\/wp-content\/uploads\/2018\/01\/Gedenkstein_02.jpg\" target=\"_blank\" rel=\"noopener noreferrer\"><img loading=\"lazy\" decoding=\"async\" class=\"alignright size-medium wp-image-2249\" src=\"http:\/\/feuerwehr-holdorf.de\/wp-content\/uploads\/2018\/01\/Gedenkstein_01-300x229.jpg\" alt=\"\" width=\"300\" height=\"229\" srcset=\"https:\/\/test.feuerwehr-holdorf.de\/wp-content\/uploads\/2018\/01\/Gedenkstein_01-300x229.jpg 300w, https:\/\/test.feuerwehr-holdorf.de\/wp-content\/uploads\/2018\/01\/Gedenkstein_01-768x585.jpg 768w, https:\/\/test.feuerwehr-holdorf.de\/wp-content\/uploads\/2018\/01\/Gedenkstein_01-975x743.jpg 975w, https:\/\/test.feuerwehr-holdorf.de\/wp-content\/uploads\/2018\/01\/Gedenkstein_01.jpg 1000w\" sizes=\"auto, (max-width: 300px) 100vw, 300px\" \/><\/a><\/p>\n<p>Zudem wurde vor der gemeinsamen Generalversammlung ein Gedenkstein feierleich eingeweiht. An der evangelischen Kirche befindet sich nun ein gro\u00dfer Findling, der an das erste Feuerwehrhaus in Fladderlohausen erinnert.<\/p>\n<p>(Mit einem Klick auf das Foto \u00f6ffnet sich der Text!)<\/p>\n<p><span style=\"text-decoration: underline; color: #ff0000;\"><em><strong>2020:<\/strong><\/em><\/span><\/p>\n<p>Die Feuerwehr Fladderlohausen erweitert: Die Kameradinnen und Kameraden erhalten im Jahr 2020 ein drittes Fahrzeug (MTF). Der Ford Transit wird in einer neu angebauten Halle untergebracht. So sind die Kameraden, die bis dato nur zw\u00f6lf Sitzpl\u00e4tze zur Verf\u00fcgung hatten, deutlich flexibler und schlagkr\u00e4ftiger. Fahrzeuginfos zum neuen MTF gibt es <a href=\"https:\/\/feuerwehr-holdorf.de\/?page_id=4740\">unter diesem Link<\/a>.<\/p>\n<figure id=\"attachment_4846\" aria-describedby=\"caption-attachment-4846\" style=\"width: 600px\" class=\"wp-caption aligncenter\"><img loading=\"lazy\" decoding=\"async\" class=\"wp-image-4846\" src=\"https:\/\/feuerwehr-holdorf.de\/wp-content\/uploads\/2020\/12\/FFFladderlohausen_Geraetehaus-975x439.jpeg\" alt=\"\" width=\"600\" height=\"270\" srcset=\"https:\/\/test.feuerwehr-holdorf.de\/wp-content\/uploads\/2020\/12\/FFFladderlohausen_Geraetehaus-975x439.jpeg 975w, https:\/\/test.feuerwehr-holdorf.de\/wp-content\/uploads\/2020\/12\/FFFladderlohausen_Geraetehaus-300x135.jpeg 300w, https:\/\/test.feuerwehr-holdorf.de\/wp-content\/uploads\/2020\/12\/FFFladderlohausen_Geraetehaus-768x346.jpeg 768w, https:\/\/test.feuerwehr-holdorf.de\/wp-content\/uploads\/2020\/12\/FFFladderlohausen_Geraetehaus-1536x691.jpeg 1536w, https:\/\/test.feuerwehr-holdorf.de\/wp-content\/uploads\/2020\/12\/FFFladderlohausen_Geraetehaus.jpeg 1600w\" sizes=\"auto, (max-width: 600px) 100vw, 600px\" \/><figcaption id=\"caption-attachment-4846\" class=\"wp-caption-text\">Das Feuerwehrhaus mit neuem Anbau, in dem bereits der neue MTW untergebracht wurde<\/figcaption><\/figure>\n<p><span style=\"text-decoration: underline; color: #ff0000;\"><em><strong>2022:<\/strong><\/em><\/span><\/p>\n<p>Zwei \u00c4ren gehen zu Ende: Norbert Nobbe und Klaus Meyer stellen sich nicht wieder zur Wahl zum Gemeindebrandmeister bzw. stv. Gemeindebrandmeister. Nach 18 Jahren Amtszeit \u00fcbergeben die zwei erfahrenen F\u00fchrungskr\u00e4fte die Posten an Matthias H\u00f6lzen (Gemeindebrandmeister) und Jens Wobbeler (stv. Gemeindebrandmeister). In der Gemeinderatssitzung vom 22.02.2022 werden sie mit Wirkung zum 25.02.2022 ernannt.<\/p>\n<figure id=\"attachment_5579\" aria-describedby=\"caption-attachment-5579\" style=\"width: 600px\" class=\"wp-caption aligncenter\"><img loading=\"lazy\" decoding=\"async\" class=\"wp-image-5579\" src=\"https:\/\/feuerwehr-holdorf.de\/wp-content\/uploads\/2022\/02\/220222-Holdorf-Gemeindebrandmeister-Ernennung-0005i-975x569.jpg\" alt=\"\" width=\"600\" height=\"350\" srcset=\"https:\/\/test.feuerwehr-holdorf.de\/wp-content\/uploads\/2022\/02\/220222-Holdorf-Gemeindebrandmeister-Ernennung-0005i-975x569.jpg 975w, https:\/\/test.feuerwehr-holdorf.de\/wp-content\/uploads\/2022\/02\/220222-Holdorf-Gemeindebrandmeister-Ernennung-0005i-300x175.jpg 300w, https:\/\/test.feuerwehr-holdorf.de\/wp-content\/uploads\/2022\/02\/220222-Holdorf-Gemeindebrandmeister-Ernennung-0005i-768x448.jpg 768w, https:\/\/test.feuerwehr-holdorf.de\/wp-content\/uploads\/2022\/02\/220222-Holdorf-Gemeindebrandmeister-Ernennung-0005i.jpg 1102w\" sizes=\"auto, (max-width: 600px) 100vw, 600px\" \/><figcaption id=\"caption-attachment-5579\" class=\"wp-caption-text\">v.l.n.r.: B\u00fcrgermeister Dr. Wolfgang Krug, Norbert Nobbe, der neue stv. GBM Jens Wobbeler sowie GBM Matthias H\u00f6lzen, Klaus Meyer und Ratsvorsitzender Mario Stickfort<\/figcaption><\/figure>\n","protected":false},"excerpt":{"rendered":"<p>1933: Die Feuerwehr Fladderlohausen wird am 6.5.1933 als erste eingetragene freiwillige Feuerwehr in der Gemeinde Holdorf gegr\u00fcndet. Erster Ortsbrandmeister war der Schmiedemeister Fritz M\u00f6ller. Weitere Gr\u00fcndungsmitglieder (insgesamt 13) waren Kaufmann Hugo Wellmann, Landwirt Hermann Meyer, Landwirt Martin Liening, Landwirt Wilhelm<\/p>\n","protected":false},"author":2,"featured_media":0,"parent":281,"menu_order":0,"comment_status":"closed","ping_status":"closed","template":"","meta":{"ngg_post_thumbnail":0,"footnotes":""},"class_list":["post-1361","page","type-page","status-publish","hentry"],"_links":{"self":[{"href":"https:\/\/test.feuerwehr-holdorf.de\/index.php?rest_route=\/wp\/v2\/pages\/1361","targetHints":{"allow":["GET"]}}],"collection":[{"href":"https:\/\/test.feuerwehr-holdorf.de\/index.php?rest_route=\/wp\/v2\/pages"}],"about":[{"href":"https:\/\/test.feuerwehr-holdorf.de\/index.php?rest_route=\/wp\/v2\/types\/page"}],"author":[{"embeddable":true,"href":"https:\/\/test.feuerwehr-holdorf.de\/index.php?rest_route=\/wp\/v2\/users\/2"}],"replies":[{"embeddable":true,"href":"https:\/\/test.feuerwehr-holdorf.de\/index.php?rest_route=%2Fwp%2Fv2%2Fcomments&post=1361"}],"version-history":[{"count":10,"href":"https:\/\/test.feuerwehr-holdorf.de\/index.php?rest_route=\/wp\/v2\/pages\/1361\/revisions"}],"predecessor-version":[{"id":5583,"href":"https:\/\/test.feuerwehr-holdorf.de\/index.php?rest_route=\/wp\/v2\/pages\/1361\/revisions\/5583"}],"up":[{"embeddable":true,"href":"https:\/\/test.feuerwehr-holdorf.de\/index.php?rest_route=\/wp\/v2\/pages\/281"}],"wp:attachment":[{"href":"https:\/\/test.feuerwehr-holdorf.de\/index.php?rest_route=%2Fwp%2Fv2%2Fmedia&parent=1361"}],"curies":[{"name":"wp","href":"https:\/\/api.w.org\/{rel}","templated":true}]}}