{"id":3589,"date":"2019-07-15T18:33:18","date_gmt":"2019-07-15T16:33:18","guid":{"rendered":"https:\/\/feuerwehr-holdorf.de\/?page_id=3589"},"modified":"2019-07-16T21:40:18","modified_gmt":"2019-07-16T19:40:18","slug":"materialanhaenger","status":"publish","type":"page","link":"https:\/\/test.feuerwehr-holdorf.de\/?page_id=3589","title":{"rendered":"Materialanh\u00e4nger"},"content":{"rendered":"\n<p><strong>Baujahr:<\/strong> &nbsp; 2008<br><br>Dieser Anh\u00e4nger kommt bei gr\u00f6\u00dferen Einsatzlagen zum Einsatz. Wenn viele Schl\u00e4uche oder anderes Material zur Reinigung gebracht werden muss, wird dieses nicht in den Einsatzfahrzeugen verlastet, sondern direkt auf den Anh\u00e4nger verlastet. Das MTF r\u00fcckt mit diesem Anh\u00e4nger bei Bedarf aus.<\/p>\n<p>&nbsp;<\/p>\nngg_shortcode_0_placeholder\n","protected":false},"excerpt":{"rendered":"<p>Baujahr: &nbsp; 2008 Dieser Anh\u00e4nger kommt bei gr\u00f6\u00dferen Einsatzlagen zum Einsatz. Wenn viele Schl\u00e4uche oder anderes Material zur Reinigung gebracht werden muss, wird dieses nicht in den Einsatzfahrzeugen verlastet, sondern direkt auf den Anh\u00e4nger verlastet. Das MTF r\u00fcckt mit diesem<\/p>\n","protected":false},"author":2,"featured_media":0,"parent":46,"menu_order":0,"comment_status":"closed","ping_status":"closed","template":"","meta":{"ngg_post_thumbnail":0,"footnotes":""},"class_list":["post-3589","page","type-page","status-publish","hentry"],"_links":{"self":[{"href":"https:\/\/test.feuerwehr-holdorf.de\/index.php?rest_route=\/wp\/v2\/pages\/3589","targetHints":{"allow":["GET"]}}],"collection":[{"href":"https:\/\/test.feuerwehr-holdorf.de\/index.php?rest_route=\/wp\/v2\/pages"}],"about":[{"href":"https:\/\/test.feuerwehr-holdorf.de\/index.php?rest_route=\/wp\/v2\/types\/page"}],"author":[{"embeddable":true,"href":"https:\/\/test.feuerwehr-holdorf.de\/index.php?rest_route=\/wp\/v2\/users\/2"}],"replies":[{"embeddable":true,"href":"https:\/\/test.feuerwehr-holdorf.de\/index.php?rest_route=%2Fwp%2Fv2%2Fcomments&post=3589"}],"version-history":[{"count":2,"href":"https:\/\/test.feuerwehr-holdorf.de\/index.php?rest_route=\/wp\/v2\/pages\/3589\/revisions"}],"predecessor-version":[{"id":3639,"href":"https:\/\/test.feuerwehr-holdorf.de\/index.php?rest_route=\/wp\/v2\/pages\/3589\/revisions\/3639"}],"up":[{"embeddable":true,"href":"https:\/\/test.feuerwehr-holdorf.de\/index.php?rest_route=\/wp\/v2\/pages\/46"}],"wp:attachment":[{"href":"https:\/\/test.feuerwehr-holdorf.de\/index.php?rest_route=%2Fwp%2Fv2%2Fmedia&parent=3589"}],"curies":[{"name":"wp","href":"https:\/\/api.w.org\/{rel}","templated":true}]}}