{"id":459,"date":"2016-08-16T16:35:45","date_gmt":"2016-08-16T14:35:45","guid":{"rendered":"http:\/\/wp.feuerwehr-holdorf.de\/?page_id=459"},"modified":"2016-08-16T16:37:37","modified_gmt":"2016-08-16T14:37:37","slug":"der-notruf","status":"publish","type":"page","link":"https:\/\/test.feuerwehr-holdorf.de\/?page_id=459","title":{"rendered":"Der Notruf"},"content":{"rendered":"<h3 style=\"text-align: center;\"><span style=\"text-decoration: underline;\"><strong>Wie verst\u00e4ndige ich richtig Feuerwehr und Rettungsdienst?<\/strong><\/span><\/h3>\n<p>Im Notfall ist es wichtig, nicht unn\u00f6tig Zeit zu vergeuden. Daher scheuen Sie sich nicht, bei Gefahr einen Notruf \u00fcber die <strong>europaweit erreichbare Notrufnummer 112<\/strong> abzusetzen.<\/p>\n<p style=\"text-align: center;\"><strong>Denn jede Minute kann lebensrettend sein!<\/strong><\/p>\n<p>Einen Notruf k\u00f6nnen Sie europaweit von jedem Telefon aus \u00fcber die Notrufnummer 112 absetzen. Egal, ob Sie vom Mobiltelefon, vom Festnetztelefon oder aus der Telefonzelle anrufen, die Notrufnummer funktioniert von fast \u00fcberall aus und ist kostenfrei. Die Notrufalarmierung mit dem Mobiltelefon erfolgt ohne Vorwahl direkt \u00fcber die Wahl der Notrufnummer 112. Auch wenn keine SIM-Karte eingesetzt, das Handy passwortgesch\u00fctzt oder kein Guthaben mehr vorhanden ist, l\u00e4sst sich der Notruf 112 w\u00e4hlen. Auch die Alarmierung aus einer Telefonzelle ist kostenfrei. Sie brauchen keine Telefonkarte, um die Notrufnummer 112 zu w\u00e4hlen.<\/p>\n<p>&nbsp;<\/p>\n<p><span style=\"text-decoration: underline;\"><em><strong>5-W-Fragen: <\/strong>Wenn Sie telefonisch einen Notruf melden, ist es zur schnellen und effektiven Hilfe besonders wichtig, die \u201e5-W-Fragen\u201c zu beantworten:<\/em><\/span><\/p>\n<p><span style=\"text-decoration: underline;\"><strong>Was ist geschehen?<\/strong><\/span><\/p>\n<p>Geben Sie eine Beschreibung der Notfallsituation und besondere Gefahren kurz und b\u00fcndig wieder,<em> z.B. Brand, Verkehrsunfall, auslaufendes Benzin, \u2026<\/em><\/p>\n<p><span style=\"text-decoration: underline;\"><strong>Wo ist es geschehen?<\/strong><\/span><\/p>\n<p>Hier ist eine pr\u00e4zise Ortsangabe wichtig, damit die Einsatzkr\u00e4fte schnellstm\u00f6glich zum Unfallort kommen,<em> z.B. Kreuzung Dammer Strasse \/ Neuenkirchener Strasse in Holdorf<\/em><\/p>\n<p><span style=\"text-decoration: underline;\"><strong>Wie viele Verletzte?<\/strong><\/span><\/p>\n<p>Sch\u00e4tzen die die Anzahl der Verletzten grob ab, damit gen\u00fcgend Hilfs- und Rettungskr\u00e4fte alarmiert werden,<em> z.B. 3 Verletzte, 1 davon schwer verletzt<\/em><\/p>\n<p><span style=\"text-decoration: underline;\"><strong>Welcher Art sind die Verletzungen?<\/strong><\/span><\/p>\n<p>Dies ist wichtig, damit eventuell ben\u00f6tigte Spezialger\u00e4te direkt mitentsandt werden k\u00f6nnen,<em> z.B. Verletzungen durch auslaufende Chemikalien<\/em><\/p>\n<p><span style=\"text-decoration: underline;\"><strong>Warten auf R\u00fcckfragen!<\/strong><\/span><\/p>\n<p>Das wichtigste W! Legen Sie niemals als Erster auf, sondern warten Sie ab, ob noch R\u00fcckfragen der Leitstelle bestehen. Durch direkte Kl\u00e4rung noch offener Punkte am Telefon kann eine schnelle und effektive Alarmierung erfolgen.<\/p>\n<p>&nbsp;<\/p>\n<p><strong>Wichtig:<\/strong> Fassen Sie sich kurz und beschr\u00e4nken Sie Ihre Aussagen auf die notwendigen Informationen. Da Sie bei einem Notruf eventuell selbst betroffen oder aufgeregt sind, kann es leicht passieren, dass wichtige Informationen vergessen werden. Daher beherzigen Sie bei der Notrufalarmierung<strong> vor allem <\/strong>das<strong> Warten auf R\u00fcckfragen!<\/strong> Der Disponent der Leitstelle wird Sie zu noch fehlenden Informationen befragen. Weiterhin ist es sehr n\u00fctzlich, der Leitstelle die Telefonnummer zu nennen. Dadurch k\u00f6nnen eventuell sp\u00e4ter auftretende R\u00fcckfragen direkt und schnell gekl\u00e4rt werden bzw. Nachalarmierungen erfolgen, sollte sich die Lage\u00e4nderung ergeben.<\/p>\n<p>Vergessen Sie auch nicht, Ihrem Kind diese Regeln beizubringen. Kinder lernen bedeutend schnell. <strong>Schon im Vorschulalter kann der Nachwuchs Leben retten!<\/strong> Gleichzeitig sollten Ihre Kinder aber auch wissen, dass ein missbr\u00e4uchlicher Notruf f\u00fcr die Eltern sehr teuer werden kann. Einfach auflegen klappt nicht! Denn wenn der Notruf gew\u00e4hlt wird, kann der Anruf zur\u00fcckverfolgt werden, auch wenn dieser vom Handy aus erfolgt. Die Kosten einer Fehlalarmierung, die auf \u201eScherzanrufe\u201c zur\u00fcckzuf\u00fchren sind, liegen im Bereich von mehreren Hundert Euro. Scheuen Sie sich aber trotzdem nicht, bei Gefahr die Notrufnummer 112 zu w\u00e4hlen. Stellt sich sp\u00e4ter heraus, dass die Gefahr geringer ist als zun\u00e4chst angenommen, wird Ihnen trotzdem f\u00fcr die Alarmierung gedankt. Denn hier gilt der Grundsatz:<\/p>\n<p style=\"text-align: center;\"><span style=\"text-decoration: underline;\"><em><strong>Besser einmal zu oft alarmiert als einmal zu wenig!<\/strong><\/em><\/span><\/p>\n<p style=\"text-align: center;\"><span style=\"text-decoration: underline;\"><strong><img loading=\"lazy\" decoding=\"async\" class=\"aligncenter size-full wp-image-460\" src=\"http:\/\/wp.feuerwehr-holdorf.de\/wp-content\/uploads\/2016\/08\/brandschutz-notruf112.jpg\" alt=\"brandschutz-notruf112\" width=\"400\" height=\"132\" srcset=\"https:\/\/test.feuerwehr-holdorf.de\/wp-content\/uploads\/2016\/08\/brandschutz-notruf112.jpg 400w, https:\/\/test.feuerwehr-holdorf.de\/wp-content\/uploads\/2016\/08\/brandschutz-notruf112-300x99.jpg 300w\" sizes=\"auto, (max-width: 400px) 100vw, 400px\" \/><\/strong><\/span><\/p>\n","protected":false},"excerpt":{"rendered":"<p>Wie verst\u00e4ndige ich richtig Feuerwehr und Rettungsdienst? Im Notfall ist es wichtig, nicht unn\u00f6tig Zeit zu vergeuden. Daher scheuen Sie sich nicht, bei Gefahr einen Notruf \u00fcber die europaweit erreichbare Notrufnummer 112 abzusetzen. Denn jede Minute kann lebensrettend sein! Einen<\/p>\n","protected":false},"author":2,"featured_media":0,"parent":242,"menu_order":0,"comment_status":"closed","ping_status":"closed","template":"","meta":{"ngg_post_thumbnail":0,"footnotes":""},"class_list":["post-459","page","type-page","status-publish","hentry"],"_links":{"self":[{"href":"https:\/\/test.feuerwehr-holdorf.de\/index.php?rest_route=\/wp\/v2\/pages\/459","targetHints":{"allow":["GET"]}}],"collection":[{"href":"https:\/\/test.feuerwehr-holdorf.de\/index.php?rest_route=\/wp\/v2\/pages"}],"about":[{"href":"https:\/\/test.feuerwehr-holdorf.de\/index.php?rest_route=\/wp\/v2\/types\/page"}],"author":[{"embeddable":true,"href":"https:\/\/test.feuerwehr-holdorf.de\/index.php?rest_route=\/wp\/v2\/users\/2"}],"replies":[{"embeddable":true,"href":"https:\/\/test.feuerwehr-holdorf.de\/index.php?rest_route=%2Fwp%2Fv2%2Fcomments&post=459"}],"version-history":[{"count":2,"href":"https:\/\/test.feuerwehr-holdorf.de\/index.php?rest_route=\/wp\/v2\/pages\/459\/revisions"}],"predecessor-version":[{"id":463,"href":"https:\/\/test.feuerwehr-holdorf.de\/index.php?rest_route=\/wp\/v2\/pages\/459\/revisions\/463"}],"up":[{"embeddable":true,"href":"https:\/\/test.feuerwehr-holdorf.de\/index.php?rest_route=\/wp\/v2\/pages\/242"}],"wp:attachment":[{"href":"https:\/\/test.feuerwehr-holdorf.de\/index.php?rest_route=%2Fwp%2Fv2%2Fmedia&parent=459"}],"curies":[{"name":"wp","href":"https:\/\/api.w.org\/{rel}","templated":true}]}}