{"id":4661,"date":"2020-08-22T18:20:38","date_gmt":"2020-08-22T16:20:38","guid":{"rendered":"https:\/\/feuerwehr-holdorf.de\/?page_id=4661"},"modified":"2023-03-15T20:53:44","modified_gmt":"2023-03-15T19:53:44","slug":"galerie-neubau-ff-holdorf","status":"publish","type":"page","link":"https:\/\/test.feuerwehr-holdorf.de\/?page_id=4661","title":{"rendered":"Galerie Neubau &#8211; FF Holdorf"},"content":{"rendered":"\r\n<p style=\"text-align: center;\">Auf dieser Seite k\u00f6nnen Sie den Fortschritt des Neubaus der freiw. Feuerwehr Holdorf verfolgen. Die Bilder werden regelm\u00e4\u00dfig aktualisiert und erweitert. Wenn Sie die Entstehung verfolgen m\u00f6chte, klicken Sie gerne auf <a href=\"https:\/\/feuerwehr-holdorf.de\/?page_id=3177\">diese Seite (Link anklicken)<\/a>, um die Zeitungsartikel und sonstige Informationen zu sehen.<\/p>\r\n<hr>\r\n<h3 style=\"text-align: center;\"><span style=\"text-decoration: underline;\"><strong>Bildergalerie<\/strong><\/span><\/h3>\r\n<p><strong><span style=\"color: #0000ff;\">Februar 2020 &#8211; April 2021: <\/span><span style=\"color: #000000;\">Im Februar 2020 begannen die Ausgrabungen am neuen Standort am Lagerweg. Diese zogen sich \u00fcber einige Monate hin. Bis Ende April 2021 wurden danach nur kleinere Arbeiten auf dem Grundst\u00fcck ausgef\u00fchrt.<\/span><\/strong><\/p>\r\n\r\nngg_shortcode_0_placeholder\r\n\r\n<hr>\r\n<p><strong><span style=\"color: #000000;\"><span style=\"color: #0000ff;\">Mai 2021 &#8211; Ende August 2021:<\/span> Im Mai 2021 kam so langsam Bewegung in das Bauvorhaben. Der Bauzaun wurde aufgestellt und ein gro\u00dfes Hinweisschild fand seinen Platz. Au\u00dferdem fand am 26.05.2021 der Spatenstich statt. Die Baustelle wurde zudem im August f\u00fcr die Bodenplatte vorbereitet, sodass diese Ende August gegossen wurde.<\/span><br>\r\n<\/strong><\/p>\r\n\r\nngg_shortcode_1_placeholder\r\n\r\n<hr>\r\n<p><strong><span style=\"color: #000000;\"><span style=\"color: #0000ff;\">ab Ende August 2021:<\/span> Die Bodenplatte wurde gegossen, nun geht es in die Bauphase. Die Maurerarbeiten haben begonnen und das Stahlger\u00fcst der Halle wurde errichtet. Im Februar 2022 fanden dann auch die Tore und die Fenster den Weg ins neue Domizil.<\/span><br>\r\n<\/strong><\/p>\r\n\r\nngg_shortcode_2_placeholder\r\n\r\n<hr>\r\n<p><strong><span style=\"color: #0000ff;\">Zwischenstand am 26.02.2022:<\/span> <span style=\"color: #000000;\">Die Arbeiten sind weit voran geschritten. Das Dach ist drauf, die Fenster, Tore und T\u00fcren haben den Weg ins Feuerwehrhaus gefunden und auch im Innenbereich hat sich einiges getan. Zeit, um Aufnahmen aus anderen Perspektiven hier zu ver\u00f6ffentlichen. Der Neubau liegt voll im Zeitplan!<\/span><br>\r\n<\/strong><\/p>\r\n\r\nngg_shortcode_3_placeholder\r\n\r\n<hr>\r\n<p><span style=\"color: #000000;\"><strong><span style=\"color: #0000ff;\">Ab M\u00e4rz 2022:<\/span> Von Au\u00dfen ist nun nicht mehr so viel zu sehen, da nun auch die Innenarbeiten gestartet sind. Anfang 2023 sind nur noch restliche Arbeiten durchzuf\u00fchren, sodass der Umzug in K\u00fcrze bevorsteht.<\/strong><\/span><\/p>\r\n\r\nngg_shortcode_4_placeholder\r\n","protected":false},"excerpt":{"rendered":"<p>Auf dieser Seite k\u00f6nnen Sie den Fortschritt des Neubaus der freiw. Feuerwehr Holdorf verfolgen. Die Bilder werden regelm\u00e4\u00dfig aktualisiert und erweitert. Wenn Sie die Entstehung verfolgen m\u00f6chte, klicken Sie gerne auf diese Seite (Link anklicken), um die Zeitungsartikel und sonstige<\/p>\n","protected":false},"author":2,"featured_media":0,"parent":514,"menu_order":0,"comment_status":"closed","ping_status":"closed","template":"","meta":{"ngg_post_thumbnail":0,"footnotes":""},"class_list":["post-4661","page","type-page","status-publish","hentry"],"_links":{"self":[{"href":"https:\/\/test.feuerwehr-holdorf.de\/index.php?rest_route=\/wp\/v2\/pages\/4661","targetHints":{"allow":["GET"]}}],"collection":[{"href":"https:\/\/test.feuerwehr-holdorf.de\/index.php?rest_route=\/wp\/v2\/pages"}],"about":[{"href":"https:\/\/test.feuerwehr-holdorf.de\/index.php?rest_route=\/wp\/v2\/types\/page"}],"author":[{"embeddable":true,"href":"https:\/\/test.feuerwehr-holdorf.de\/index.php?rest_route=\/wp\/v2\/users\/2"}],"replies":[{"embeddable":true,"href":"https:\/\/test.feuerwehr-holdorf.de\/index.php?rest_route=%2Fwp%2Fv2%2Fcomments&post=4661"}],"version-history":[{"count":10,"href":"https:\/\/test.feuerwehr-holdorf.de\/index.php?rest_route=\/wp\/v2\/pages\/4661\/revisions"}],"predecessor-version":[{"id":6315,"href":"https:\/\/test.feuerwehr-holdorf.de\/index.php?rest_route=\/wp\/v2\/pages\/4661\/revisions\/6315"}],"up":[{"embeddable":true,"href":"https:\/\/test.feuerwehr-holdorf.de\/index.php?rest_route=\/wp\/v2\/pages\/514"}],"wp:attachment":[{"href":"https:\/\/test.feuerwehr-holdorf.de\/index.php?rest_route=%2Fwp%2Fv2%2Fmedia&parent=4661"}],"curies":[{"name":"wp","href":"https:\/\/api.w.org\/{rel}","templated":true}]}}