{"id":5137,"date":"2021-06-25T19:31:20","date_gmt":"2021-06-25T17:31:20","guid":{"rendered":"https:\/\/feuerwehr-holdorf.de\/?page_id=5137"},"modified":"2026-03-29T14:04:49","modified_gmt":"2026-03-29T12:04:49","slug":"neubau-feuerwehrhaus","status":"publish","type":"page","link":"https:\/\/test.feuerwehr-holdorf.de\/?page_id=5137","title":{"rendered":"Mediathek"},"content":{"rendered":"<p>In dieser Mediathek findet ihr einige Videos von diversen Ereignissen. <br \/>\nViel Spa\u00df beim St\u00f6bern und Anschauen!<\/p>\n<hr>\n<p><span style=\"text-decoration: underline;\">27.03.2026: Ver\u00f6ffentlichung des KI-generierten Liedes &#8222;Holdorfer Wehren&#8220; auf der gemeinsamen Generalversammlung der Feuerwehren Holdorf und Fladderlohausen<\/span><\/p>\n<div style=\"width: 750px;\" class=\"wp-video\"><video class=\"wp-video-shortcode\" id=\"video-5137-1\" width=\"750\" height=\"422\" preload=\"metadata\" controls=\"controls\"><source type=\"video\/mp4\" src=\"https:\/\/feuerwehr-holdorf.de\/wp-content\/uploads\/2026\/03\/Jahresrueckblick_Holdorfer-Wehren.mp4?_=1\" \/><a href=\"https:\/\/feuerwehr-holdorf.de\/wp-content\/uploads\/2026\/03\/Jahresrueckblick_Holdorfer-Wehren.mp4\">https:\/\/feuerwehr-holdorf.de\/wp-content\/uploads\/2026\/03\/Jahresrueckblick_Holdorfer-Wehren.mp4<\/a><\/video><\/div>\n<hr>\n<p><span style=\"text-decoration: underline;\">24.06. \/ 25.06.23: R\u00fcckblick Einweihung \/ Tag der offenen T\u00fcr<\/span><\/p>\n<div style=\"width: 750px;\" class=\"wp-video\"><video class=\"wp-video-shortcode\" id=\"video-5137-2\" width=\"750\" height=\"422\" preload=\"metadata\" controls=\"controls\"><source type=\"video\/mp4\" src=\"https:\/\/feuerwehr-holdorf.de\/wp-content\/uploads\/2023\/06\/Rueckblick.mp4?_=2\" \/><a href=\"https:\/\/feuerwehr-holdorf.de\/wp-content\/uploads\/2023\/06\/Rueckblick.mp4\">https:\/\/feuerwehr-holdorf.de\/wp-content\/uploads\/2023\/06\/Rueckblick.mp4<\/a><\/video><\/div>\n<hr>\n<p><span style=\"text-decoration: underline;\">12.05.2023: Umzug ins neue Feuerwehrhaus<\/span><\/p>\n<div style=\"width: 750px;\" class=\"wp-video\"><video class=\"wp-video-shortcode\" id=\"video-5137-3\" width=\"750\" height=\"422\" preload=\"metadata\" controls=\"controls\"><source type=\"video\/mp4\" src=\"https:\/\/feuerwehr-holdorf.de\/wp-content\/uploads\/2023\/05\/2023-05-12_Umzug_FF-Haus.mp4?_=3\" \/><a href=\"https:\/\/feuerwehr-holdorf.de\/wp-content\/uploads\/2023\/05\/2023-05-12_Umzug_FF-Haus.mp4\">https:\/\/feuerwehr-holdorf.de\/wp-content\/uploads\/2023\/05\/2023-05-12_Umzug_FF-Haus.mp4<\/a><\/video><\/div>\n<hr>\n<p><span style=\"text-decoration: underline;\">12.04.2023: Ankunft des neuen HLF20 (FV30-48-1)<\/span><\/p>\n<div style=\"width: 750px;\" class=\"wp-video\"><video class=\"wp-video-shortcode\" id=\"video-5137-4\" width=\"750\" height=\"422\" preload=\"metadata\" controls=\"controls\"><source type=\"video\/mp4\" src=\"https:\/\/feuerwehr-holdorf.de\/wp-content\/uploads\/2022\/04\/NeuesHLF_2022_HD-ready_mobileVersion.mp4?_=4\" \/><a href=\"https:\/\/feuerwehr-holdorf.de\/wp-content\/uploads\/2022\/04\/NeuesHLF_2022_HD-ready_mobileVersion.mp4\">https:\/\/feuerwehr-holdorf.de\/wp-content\/uploads\/2022\/04\/NeuesHLF_2022_HD-ready_mobileVersion.mp4<\/a><\/video><\/div>\n<hr>\n<p><span style=\"text-decoration: underline;\">23.10.2021: Ausbildung im N.F.T.C (Northern Firefighting Training Center)<\/span><\/p>\n<div style=\"width: 750px;\" class=\"wp-video\"><video class=\"wp-video-shortcode\" id=\"video-5137-5\" width=\"750\" height=\"422\" preload=\"metadata\" controls=\"controls\"><source type=\"video\/mp4\" src=\"https:\/\/feuerwehr-holdorf.de\/wp-content\/uploads\/2021\/10\/Video_002_oT.mp4?_=5\" \/><a href=\"https:\/\/feuerwehr-holdorf.de\/wp-content\/uploads\/2021\/10\/Video_002_oT.mp4\">https:\/\/feuerwehr-holdorf.de\/wp-content\/uploads\/2021\/10\/Video_002_oT.mp4<\/a><\/video><\/div>\n<hr>\n<p><span style=\"text-decoration: underline;\">04.07.2020: Ausbildung im N.F.T.C (Northern Firefighting Training Center)<\/span><\/p>\n<div style=\"width: 750px;\" class=\"wp-video\"><video class=\"wp-video-shortcode\" id=\"video-5137-6\" width=\"750\" height=\"422\" preload=\"metadata\" controls=\"controls\"><source type=\"video\/mp4\" src=\"https:\/\/feuerwehr-holdorf.de\/wp-content\/uploads\/2020\/07\/Zusammenschnitt_NFTC_04-07-2020_Facebook.mp4?_=6\" \/><a href=\"https:\/\/feuerwehr-holdorf.de\/wp-content\/uploads\/2020\/07\/Zusammenschnitt_NFTC_04-07-2020_Facebook.mp4\">https:\/\/feuerwehr-holdorf.de\/wp-content\/uploads\/2020\/07\/Zusammenschnitt_NFTC_04-07-2020_Facebook.mp4<\/a><\/video><\/div>\n<hr>\n<p><span style=\"text-decoration: underline;\">Pfingsten 2019: Zeltlager der Jugendfeuerwehren in Holdorf<\/span><\/p>\n<div style=\"width: 750px;\" class=\"wp-video\"><video class=\"wp-video-shortcode\" id=\"video-5137-7\" width=\"750\" height=\"422\" preload=\"metadata\" controls=\"controls\"><source type=\"video\/mp4\" src=\"https:\/\/feuerwehr-holdorf.de\/wp-content\/uploads\/2019\/06\/Pfingstzeltlager2019_R\u00fcckblick.mp4?_=7\" \/><a href=\"https:\/\/feuerwehr-holdorf.de\/wp-content\/uploads\/2019\/06\/Pfingstzeltlager2019_R\u00fcckblick.mp4\">https:\/\/feuerwehr-holdorf.de\/wp-content\/uploads\/2019\/06\/Pfingstzeltlager2019_R\u00fcckblick.mp4<\/a><\/video><\/div>\n<hr>\n<p><span style=\"text-decoration: underline;\">06.04.2019: Ausbildung im N.F.T.C (Northern Firefighting Training Center)<\/span><\/p>\n<div style=\"width: 750px;\" class=\"wp-video\"><video class=\"wp-video-shortcode\" id=\"video-5137-8\" width=\"750\" height=\"422\" preload=\"metadata\" controls=\"controls\"><source type=\"video\/mp4\" src=\"https:\/\/feuerwehr-holdorf.de\/wp-content\/uploads\/2019\/04\/Realbrandausbildung.mp4?_=8\" \/><a href=\"https:\/\/feuerwehr-holdorf.de\/wp-content\/uploads\/2019\/04\/Realbrandausbildung.mp4\">https:\/\/feuerwehr-holdorf.de\/wp-content\/uploads\/2019\/04\/Realbrandausbildung.mp4<\/a><\/video><\/div>\n<p>&nbsp;<\/p>\n","protected":false},"excerpt":{"rendered":"<p>In dieser Mediathek findet ihr einige Videos von diversen Ereignissen. Viel Spa\u00df beim St\u00f6bern und Anschauen! 27.03.2026: Ver\u00f6ffentlichung des KI-generierten Liedes &#8222;Holdorfer Wehren&#8220; auf der gemeinsamen Generalversammlung der Feuerwehren Holdorf und Fladderlohausen 24.06. \/ 25.06.23: R\u00fcckblick Einweihung \/ Tag der<\/p>\n","protected":false},"author":2,"featured_media":0,"parent":0,"menu_order":0,"comment_status":"closed","ping_status":"closed","template":"","meta":{"ngg_post_thumbnail":0,"footnotes":""},"class_list":["post-5137","page","type-page","status-publish","hentry"],"_links":{"self":[{"href":"https:\/\/test.feuerwehr-holdorf.de\/index.php?rest_route=\/wp\/v2\/pages\/5137","targetHints":{"allow":["GET"]}}],"collection":[{"href":"https:\/\/test.feuerwehr-holdorf.de\/index.php?rest_route=\/wp\/v2\/pages"}],"about":[{"href":"https:\/\/test.feuerwehr-holdorf.de\/index.php?rest_route=\/wp\/v2\/types\/page"}],"author":[{"embeddable":true,"href":"https:\/\/test.feuerwehr-holdorf.de\/index.php?rest_route=\/wp\/v2\/users\/2"}],"replies":[{"embeddable":true,"href":"https:\/\/test.feuerwehr-holdorf.de\/index.php?rest_route=%2Fwp%2Fv2%2Fcomments&post=5137"}],"version-history":[{"count":7,"href":"https:\/\/test.feuerwehr-holdorf.de\/index.php?rest_route=\/wp\/v2\/pages\/5137\/revisions"}],"predecessor-version":[{"id":7876,"href":"https:\/\/test.feuerwehr-holdorf.de\/index.php?rest_route=\/wp\/v2\/pages\/5137\/revisions\/7876"}],"wp:attachment":[{"href":"https:\/\/test.feuerwehr-holdorf.de\/index.php?rest_route=%2Fwp%2Fv2%2Fmedia&parent=5137"}],"curies":[{"name":"wp","href":"https:\/\/api.w.org\/{rel}","templated":true}]}}

<p>In dieser Mediathek findet ihr einige Videos von diversen Ereignissen. <br />
Viel Spaß beim Stöbern und Anschauen!</p>
<hr>
<p><span style="text-decoration: underline;">27.03.2026: Veröffentlichung des KI-generierten Liedes &#8222;Holdorfer Wehren&#8220; auf der gemeinsamen Generalversammlung der Feuerwehren Holdorf und Fladderlohausen</span></p>
<div style="width: 750px;" class="wp-video"><video class="wp-video-shortcode" id="video-5137-1" width="750" height="422" preload="metadata" controls="controls"><source type="video/mp4" src="https://feuerwehr-holdorf.de/wp-content/uploads/2026/03/Jahresrueckblick_Holdorfer-Wehren.mp4?_=1" /><a href="https://feuerwehr-holdorf.de/wp-content/uploads/2026/03/Jahresrueckblick_Holdorfer-Wehren.mp4">https://feuerwehr-holdorf.de/wp-content/uploads/2026/03/Jahresrueckblick_Holdorfer-Wehren.mp4</a></video></div>
<hr>
<p><span style="text-decoration: underline;">24.06. / 25.06.23: Rückblick Einweihung / Tag der offenen Tür</span></p>
<div style="width: 750px;" class="wp-video"><video class="wp-video-shortcode" id="video-5137-2" width="750" height="422" preload="metadata" controls="controls"><source type="video/mp4" src="https://feuerwehr-holdorf.de/wp-content/uploads/2023/06/Rueckblick.mp4?_=2" /><a href="https://feuerwehr-holdorf.de/wp-content/uploads/2023/06/Rueckblick.mp4">https://feuerwehr-holdorf.de/wp-content/uploads/2023/06/Rueckblick.mp4</a></video></div>
<hr>
<p><span style="text-decoration: underline;">12.05.2023: Umzug ins neue Feuerwehrhaus</span></p>
<div style="width: 750px;" class="wp-video"><video class="wp-video-shortcode" id="video-5137-3" width="750" height="422" preload="metadata" controls="controls"><source type="video/mp4" src="https://feuerwehr-holdorf.de/wp-content/uploads/2023/05/2023-05-12_Umzug_FF-Haus.mp4?_=3" /><a href="https://feuerwehr-holdorf.de/wp-content/uploads/2023/05/2023-05-12_Umzug_FF-Haus.mp4">https://feuerwehr-holdorf.de/wp-content/uploads/2023/05/2023-05-12_Umzug_FF-Haus.mp4</a></video></div>
<hr>
<p><span style="text-decoration: underline;">12.04.2023: Ankunft des neuen HLF20 (FV30-48-1)</span></p>
<div style="width: 750px;" class="wp-video"><video class="wp-video-shortcode" id="video-5137-4" width="750" height="422" preload="metadata" controls="controls"><source type="video/mp4" src="https://feuerwehr-holdorf.de/wp-content/uploads/2022/04/NeuesHLF_2022_HD-ready_mobileVersion.mp4?_=4" /><a href="https://feuerwehr-holdorf.de/wp-content/uploads/2022/04/NeuesHLF_2022_HD-ready_mobileVersion.mp4">https://feuerwehr-holdorf.de/wp-content/uploads/2022/04/NeuesHLF_2022_HD-ready_mobileVersion.mp4</a></video></div>
<hr>
<p><span style="text-decoration: underline;">23.10.2021: Ausbildung im N.F.T.C (Northern Firefighting Training Center)</span></p>
<div style="width: 750px;" class="wp-video"><video class="wp-video-shortcode" id="video-5137-5" width="750" height="422" preload="metadata" controls="controls"><source type="video/mp4" src="https://feuerwehr-holdorf.de/wp-content/uploads/2021/10/Video_002_oT.mp4?_=5" /><a href="https://feuerwehr-holdorf.de/wp-content/uploads/2021/10/Video_002_oT.mp4">https://feuerwehr-holdorf.de/wp-content/uploads/2021/10/Video_002_oT.mp4</a></video></div>
<hr>
<p><span style="text-decoration: underline;">04.07.2020: Ausbildung im N.F.T.C (Northern Firefighting Training Center)</span></p>
<div style="width: 750px;" class="wp-video"><video class="wp-video-shortcode" id="video-5137-6" width="750" height="422" preload="metadata" controls="controls"><source type="video/mp4" src="https://feuerwehr-holdorf.de/wp-content/uploads/2020/07/Zusammenschnitt_NFTC_04-07-2020_Facebook.mp4?_=6" /><a href="https://feuerwehr-holdorf.de/wp-content/uploads/2020/07/Zusammenschnitt_NFTC_04-07-2020_Facebook.mp4">https://feuerwehr-holdorf.de/wp-content/uploads/2020/07/Zusammenschnitt_NFTC_04-07-2020_Facebook.mp4</a></video></div>
<hr>
<p><span style="text-decoration: underline;">Pfingsten 2019: Zeltlager der Jugendfeuerwehren in Holdorf</span></p>
<div style="width: 750px;" class="wp-video"><video class="wp-video-shortcode" id="video-5137-7" width="750" height="422" preload="metadata" controls="controls"><source type="video/mp4" src="https://feuerwehr-holdorf.de/wp-content/uploads/2019/06/Pfingstzeltlager2019_Rückblick.mp4?_=7" /><a href="https://feuerwehr-holdorf.de/wp-content/uploads/2019/06/Pfingstzeltlager2019_Rückblick.mp4">https://feuerwehr-holdorf.de/wp-content/uploads/2019/06/Pfingstzeltlager2019_Rückblick.mp4</a></video></div>
<hr>
<p><span style="text-decoration: underline;">06.04.2019: Ausbildung im N.F.T.C (Northern Firefighting Training Center)</span></p>
<div style="width: 750px;" class="wp-video"><video class="wp-video-shortcode" id="video-5137-8" width="750" height="422" preload="metadata" controls="controls"><source type="video/mp4" src="https://feuerwehr-holdorf.de/wp-content/uploads/2019/04/Realbrandausbildung.mp4?_=8" /><a href="https://feuerwehr-holdorf.de/wp-content/uploads/2019/04/Realbrandausbildung.mp4">https://feuerwehr-holdorf.de/wp-content/uploads/2019/04/Realbrandausbildung.mp4</a></video></div>
<p>&nbsp;</p>

<p>In dieser Mediathek findet ihr einige Videos von diversen Ereignissen. Viel Spaß beim Stöbern und Anschauen! 27.03.2026: Veröffentlichung des KI-generierten Liedes &#8222;Holdorfer Wehren&#8220; auf der gemeinsamen Generalversammlung der Feuerwehren Holdorf und Fladderlohausen 24.06. / 25.06.23: Rückblick Einweihung / Tag der</p>
