{"id":5399,"date":"2021-12-30T19:24:11","date_gmt":"2021-12-30T18:24:11","guid":{"rendered":"https:\/\/feuerwehr-holdorf.de\/?page_id=5399"},"modified":"2025-12-23T10:37:49","modified_gmt":"2025-12-23T09:37:49","slug":"einsatzarchiv-ff-holdorf","status":"publish","type":"page","link":"https:\/\/test.feuerwehr-holdorf.de\/?page_id=5399","title":{"rendered":"Einsatzarchiv &#8211; FF Holdorf"},"content":{"rendered":"\r\n<h5 style=\"text-align: center;\"><strong>Nachfolgend hier eine \u00dcbersicht der Eins\u00e4tze der letzten Jahre. Mit einem Klick auf die Grafik \u00f6ffnet sich die Einsatztabelle des jeweiligen Jahres!<\/strong><\/h5>\r\n<table style=\"height: 1094px; width: 100%; border-collapse: collapse; border-style: solid;\">\r\n<tbody>\r\n<tr style=\"height: 158px;\">\r\n<td style=\"width: 50%; text-align: center; height: 158px;\"><a href=\"https:\/\/feuerwehr-holdorf.de\/?page_id=78\"><img loading=\"lazy\" decoding=\"async\" class=\"aligncenter wp-image-6770 size-full\" src=\"https:\/\/feuerwehr-holdorf.de\/wp-content\/uploads\/2023\/12\/2010_FF-Holdorf.jpg\" alt=\"\" width=\"300\" height=\"125\"><\/a><span style=\"background-color: #ffffff; color: #ff0000;\"><strong>46 Eins\u00e4tze<\/strong><\/span><\/td>\r\n<td style=\"width: 50%; text-align: center; height: 158px;\"><a href=\"https:\/\/feuerwehr-holdorf.de\/?page_id=177\"><img loading=\"lazy\" decoding=\"async\" class=\"aligncenter wp-image-6771 size-full\" src=\"https:\/\/feuerwehr-holdorf.de\/wp-content\/uploads\/2023\/12\/2011_FF-Holdorf.jpg\" alt=\"\" width=\"300\" height=\"125\"><\/a><span style=\"color: #ff0000;\"><strong>51 Eins\u00e4tze<\/strong><\/span><\/td>\r\n<\/tr>\r\n<tr style=\"height: 158px;\">\r\n<td style=\"width: 50%; text-align: center; height: 158px;\"><a href=\"https:\/\/feuerwehr-holdorf.de\/?page_id=179\"><img loading=\"lazy\" decoding=\"async\" class=\"aligncenter wp-image-6772 size-full\" src=\"https:\/\/feuerwehr-holdorf.de\/wp-content\/uploads\/2023\/12\/2012_FF-Holdorf.jpg\" alt=\"\" width=\"300\" height=\"125\"><\/a><span style=\"color: #ff0000;\"><strong>81 Eins\u00e4tze<\/strong><\/span><\/td>\r\n<td style=\"width: 50%; text-align: center; height: 158px;\"><a href=\"https:\/\/feuerwehr-holdorf.de\/?page_id=181\"><img loading=\"lazy\" decoding=\"async\" class=\"aligncenter wp-image-6773 size-full\" src=\"https:\/\/feuerwehr-holdorf.de\/wp-content\/uploads\/2023\/12\/2013_FF-Holdorf.jpg\" alt=\"\" width=\"300\" height=\"125\"><\/a><span style=\"color: #ff0000;\"><strong>67 Eins\u00e4tze<\/strong><\/span><\/td>\r\n<\/tr>\r\n<tr style=\"height: 158px;\">\r\n<td style=\"width: 50%; text-align: center; height: 158px;\"><a href=\"https:\/\/feuerwehr-holdorf.de\/?page_id=183\"><img loading=\"lazy\" decoding=\"async\" class=\"aligncenter wp-image-6774 size-full\" src=\"https:\/\/feuerwehr-holdorf.de\/wp-content\/uploads\/2023\/12\/2014_FF-Holdorf.jpg\" alt=\"\" width=\"300\" height=\"125\"><\/a><span style=\"color: #ff0000;\"><strong>51 Eins\u00e4tze<\/strong><\/span><\/td>\r\n<td style=\"width: 50%; text-align: center; height: 158px;\"><a href=\"https:\/\/feuerwehr-holdorf.de\/?page_id=141\"><img loading=\"lazy\" decoding=\"async\" class=\"aligncenter wp-image-6775 size-full\" src=\"https:\/\/feuerwehr-holdorf.de\/wp-content\/uploads\/2023\/12\/2015_FF-Holdorf.jpg\" alt=\"\" width=\"300\" height=\"125\"><\/a><span style=\"color: #ff0000;\"><strong>73 Eins\u00e4tze<\/strong><\/span><\/td>\r\n<\/tr>\r\n<tr style=\"height: 158px;\">\r\n<td style=\"width: 50%; text-align: center; height: 158px;\"><a href=\"https:\/\/feuerwehr-holdorf.de\/?page_id=143\"><img loading=\"lazy\" decoding=\"async\" class=\"aligncenter wp-image-6776 size-full\" src=\"https:\/\/feuerwehr-holdorf.de\/wp-content\/uploads\/2023\/12\/2016_FF-Holdorf.jpg\" alt=\"\" width=\"300\" height=\"125\"><\/a><span style=\"color: #ff0000;\"><strong>65 Eins\u00e4tze<\/strong><\/span><\/td>\r\n<td style=\"width: 50%; text-align: center; height: 158px;\"><a href=\"https:\/\/feuerwehr-holdorf.de\/?page_id=1623\"><img loading=\"lazy\" decoding=\"async\" class=\"aligncenter wp-image-6777 size-full\" src=\"https:\/\/feuerwehr-holdorf.de\/wp-content\/uploads\/2023\/12\/2017_FF-Holdorf.jpg\" alt=\"\" width=\"300\" height=\"125\"><\/a><span style=\"color: #ff0000;\"><strong>57 Eins\u00e4tze<\/strong><\/span><\/td>\r\n<\/tr>\r\n<tr style=\"height: 158px;\">\r\n<td style=\"width: 50%; text-align: center; height: 158px;\"><a href=\"https:\/\/feuerwehr-holdorf.de\/?page_id=2189\"><img loading=\"lazy\" decoding=\"async\" class=\"aligncenter wp-image-6778 size-full\" src=\"https:\/\/feuerwehr-holdorf.de\/wp-content\/uploads\/2023\/12\/2018_FF-Holdorf.jpg\" alt=\"\" width=\"300\" height=\"125\"><\/a><span style=\"color: #ff0000;\"><strong>66 Eins\u00e4tze<\/strong><\/span><\/td>\r\n<td style=\"width: 50%; text-align: center; height: 158px;\"><a href=\"https:\/\/feuerwehr-holdorf.de\/?page_id=3144\"><img loading=\"lazy\" decoding=\"async\" class=\"aligncenter wp-image-6779 size-full\" src=\"https:\/\/feuerwehr-holdorf.de\/wp-content\/uploads\/2023\/12\/2019_FF-Holdorf.jpg\" alt=\"\" width=\"300\" height=\"125\"><\/a><span style=\"color: #ff0000;\"><strong>84 Eins\u00e4tze<\/strong><\/span><\/td>\r\n<\/tr>\r\n<tr style=\"height: 158px;\">\r\n<td style=\"width: 50%; text-align: center; height: 152px;\"><a href=\"https:\/\/feuerwehr-holdorf.de\/?page_id=4019\"><img loading=\"lazy\" decoding=\"async\" class=\"aligncenter wp-image-6780 size-full\" src=\"https:\/\/feuerwehr-holdorf.de\/wp-content\/uploads\/2023\/12\/2020_FF-Holdorf.jpg\" alt=\"\" width=\"300\" height=\"125\"><\/a><span style=\"color: #ff0000;\"><strong>66 Eins\u00e4tze<\/strong><\/span><\/td>\r\n<td style=\"width: 50%; text-align: center; height: 152px;\"><a href=\"https:\/\/feuerwehr-holdorf.de\/?page_id=4863\"><img loading=\"lazy\" decoding=\"async\" class=\"aligncenter wp-image-6781 size-full\" src=\"https:\/\/feuerwehr-holdorf.de\/wp-content\/uploads\/2023\/12\/2021_FF-Holdorf.jpg\" alt=\"\" width=\"300\" height=\"125\"><\/a><span style=\"color: #ff0000;\"><strong>56 Eins\u00e4tze<\/strong><\/span><\/td>\r\n<\/tr>\r\n<tr style=\"height: 10px;\">\r\n<td style=\"width: 50%; text-align: center; height: 10px;\">\r\n<p><a href=\"https:\/\/feuerwehr-holdorf.de\/?page_id=5458\"><img loading=\"lazy\" decoding=\"async\" class=\"aligncenter wp-image-6782 size-full\" src=\"https:\/\/feuerwehr-holdorf.de\/wp-content\/uploads\/2023\/12\/2022_FF-Holdorf.jpg\" alt=\"\" width=\"300\" height=\"125\"><\/a><span style=\"color: #ff0000;\"><strong>96 Eins\u00e4tze<\/strong><\/span><\/p>\r\n<\/td>\r\n<td style=\"width: 50%; text-align: center; height: 10px;\"><a href=\"https:\/\/feuerwehr-holdorf.de\/?page_id=6210\"><img loading=\"lazy\" decoding=\"async\" class=\"aligncenter wp-image-6783 size-full\" src=\"https:\/\/feuerwehr-holdorf.de\/wp-content\/uploads\/2023\/12\/2023_FF-Holdorf.jpg\" alt=\"\" width=\"300\" height=\"125\"><\/a><span style=\"color: #ff0000;\"><strong>78 Eins\u00e4tze<\/strong><\/span><\/td>\r\n<\/tr>\r\n<tr style=\"height: 142px;\">\r\n<td style=\"width: 50%; text-align: center; height: 142px;\">\r\n<p><a href=\"https:\/\/feuerwehr-holdorf.de\/?page_id=6748\"><img loading=\"lazy\" decoding=\"async\" class=\"aligncenter wp-image-7197 size-full\" src=\"https:\/\/feuerwehr-holdorf.de\/wp-content\/uploads\/2024\/12\/2024_FF-Holdorf.jpg\" alt=\"\" width=\"300\" height=\"125\"><\/a><span style=\"color: #ff0000;\"><strong>77 Eins\u00e4tze<\/strong><\/span><\/p>\r\n<\/td>\r\n<td style=\"width: 50%; text-align: center; height: 142px;\"><a href=\"https:\/\/feuerwehr-holdorf.de\/?page_id=7229\"><img loading=\"lazy\" decoding=\"async\" class=\"aligncenter wp-image-7755 size-full\" src=\"https:\/\/feuerwehr-holdorf.de\/wp-content\/uploads\/2025\/12\/2025_FF-Holdorf.jpg\" alt=\"\" width=\"300\" height=\"125\"><\/a><span style=\"color: #ff0000;\"><strong>84 Eins\u00e4tze<\/strong><\/span><\/td>\r\n<\/tr>\r\n<\/tbody>\r\n<\/table>\r\n<p>&nbsp;<\/p>\r\n<p>&nbsp;<\/p>\r\n","protected":false},"excerpt":{"rendered":"<p>Nachfolgend hier eine \u00dcbersicht der Eins\u00e4tze der letzten Jahre. Mit einem Klick auf die Grafik \u00f6ffnet sich die Einsatztabelle des jeweiligen Jahres! 46 Eins\u00e4tze 51 Eins\u00e4tze 81 Eins\u00e4tze 67 Eins\u00e4tze 51 Eins\u00e4tze 73 Eins\u00e4tze 65 Eins\u00e4tze 57 Eins\u00e4tze 66 Eins\u00e4tze<\/p>\n","protected":false},"author":2,"featured_media":0,"parent":138,"menu_order":0,"comment_status":"closed","ping_status":"closed","template":"","meta":{"ngg_post_thumbnail":0,"footnotes":""},"class_list":["post-5399","page","type-page","status-publish","hentry"],"_links":{"self":[{"href":"https:\/\/test.feuerwehr-holdorf.de\/index.php?rest_route=\/wp\/v2\/pages\/5399","targetHints":{"allow":["GET"]}}],"collection":[{"href":"https:\/\/test.feuerwehr-holdorf.de\/index.php?rest_route=\/wp\/v2\/pages"}],"about":[{"href":"https:\/\/test.feuerwehr-holdorf.de\/index.php?rest_route=\/wp\/v2\/types\/page"}],"author":[{"embeddable":true,"href":"https:\/\/test.feuerwehr-holdorf.de\/index.php?rest_route=\/wp\/v2\/users\/2"}],"replies":[{"embeddable":true,"href":"https:\/\/test.feuerwehr-holdorf.de\/index.php?rest_route=%2Fwp%2Fv2%2Fcomments&post=5399"}],"version-history":[{"count":10,"href":"https:\/\/test.feuerwehr-holdorf.de\/index.php?rest_route=\/wp\/v2\/pages\/5399\/revisions"}],"predecessor-version":[{"id":7788,"href":"https:\/\/test.feuerwehr-holdorf.de\/index.php?rest_route=\/wp\/v2\/pages\/5399\/revisions\/7788"}],"up":[{"embeddable":true,"href":"https:\/\/test.feuerwehr-holdorf.de\/index.php?rest_route=\/wp\/v2\/pages\/138"}],"wp:attachment":[{"href":"https:\/\/test.feuerwehr-holdorf.de\/index.php?rest_route=%2Fwp%2Fv2%2Fmedia&parent=5399"}],"curies":[{"name":"wp","href":"https:\/\/api.w.org\/{rel}","templated":true}]}}