{"id":5437,"date":"2021-12-30T20:05:58","date_gmt":"2021-12-30T19:05:58","guid":{"rendered":"https:\/\/feuerwehr-holdorf.de\/?page_id=5437"},"modified":"2025-12-18T21:17:05","modified_gmt":"2025-12-18T20:17:05","slug":"einsatzarchiv-ff-fladderlohausen","status":"publish","type":"page","link":"https:\/\/test.feuerwehr-holdorf.de\/?page_id=5437","title":{"rendered":"Einsatzarchiv &#8211; FF Fladderlohausen"},"content":{"rendered":"<p><\/p>\r\n<h5 style=\"text-align: center;\"><strong>Nachfolgend hier eine \u00dcbersicht der Eins\u00e4tze der letzten Jahre. Mit einem Klick auf die Grafik \u00f6ffnet sich die Einsatztabelle des jeweiligen Jahres!<\/strong><\/h5>\r\n<table style=\"border-collapse: collapse; width: 100%; height: 1067px;\">\r\n<tbody>\r\n<tr style=\"height: 149px;\">\r\n<td style=\"width: 50%; text-align: center; height: 149px;\"><span style=\"color: #ff0000;\"><strong><a href=\"https:\/\/feuerwehr-holdorf.de\/?page_id=188\"><img loading=\"lazy\" decoding=\"async\" class=\"aligncenter wp-image-6756 size-full\" src=\"https:\/\/feuerwehr-holdorf.de\/wp-content\/uploads\/2023\/12\/2010_FF-Lorse.jpg\" alt=\"\" width=\"300\" height=\"125\"><\/a>16 Eins\u00e4tze<\/strong><\/span><\/td>\r\n<td style=\"width: 50%; text-align: center; height: 149px;\"><span style=\"color: #ff0000;\"><strong><a href=\"https:\/\/feuerwehr-holdorf.de\/?page_id=190\"><img loading=\"lazy\" decoding=\"async\" class=\"aligncenter wp-image-6757 size-full\" src=\"https:\/\/feuerwehr-holdorf.de\/wp-content\/uploads\/2023\/12\/2011_FF-Lorse.jpg\" alt=\"\" width=\"300\" height=\"125\"><\/a>21 Eins\u00e4tze<\/strong><\/span><\/td>\r\n<\/tr>\r\n<tr style=\"height: 149px;\">\r\n<td style=\"width: 50%; text-align: center; height: 149px;\"><span style=\"color: #ff0000;\"><strong><a style=\"color: #ff0000;\" href=\"https:\/\/feuerwehr-holdorf.de\/?page_id=192\"><img loading=\"lazy\" decoding=\"async\" class=\"aligncenter wp-image-6758 size-full\" src=\"https:\/\/feuerwehr-holdorf.de\/wp-content\/uploads\/2023\/12\/2012_FF-Lorse.jpg\" alt=\"\" width=\"300\" height=\"125\"><\/a>44 Eins\u00e4tze<\/strong><\/span><\/td>\r\n<td style=\"width: 50%; text-align: center; height: 149px;\"><span style=\"color: #ff0000;\"><strong><a style=\"color: #ff0000;\" href=\"https:\/\/feuerwehr-holdorf.de\/?page_id=194\"><img loading=\"lazy\" decoding=\"async\" class=\"aligncenter wp-image-6759 size-full\" src=\"https:\/\/feuerwehr-holdorf.de\/wp-content\/uploads\/2023\/12\/2013_FF-Lorse.jpg\" alt=\"\" width=\"300\" height=\"125\"><\/a>19 Eins\u00e4tze<\/strong><\/span><\/td>\r\n<\/tr>\r\n<tr style=\"height: 149px;\">\r\n<td style=\"width: 50%; text-align: center; height: 149px;\"><span style=\"color: #ff0000;\"><strong><a style=\"color: #ff0000;\" href=\"https:\/\/feuerwehr-holdorf.de\/?page_id=145\"><img loading=\"lazy\" decoding=\"async\" class=\"aligncenter wp-image-6760 size-full\" src=\"https:\/\/feuerwehr-holdorf.de\/wp-content\/uploads\/2023\/12\/2014_FF-Lorse.jpg\" alt=\"\" width=\"300\" height=\"125\"><\/a>14 Eins\u00e4tze<\/strong><\/span><\/td>\r\n<td style=\"width: 50%; text-align: center; height: 149px;\"><span style=\"color: #ff0000;\"><strong><a style=\"color: #ff0000;\" href=\"https:\/\/feuerwehr-holdorf.de\/?page_id=147\"><img loading=\"lazy\" decoding=\"async\" class=\"aligncenter wp-image-6761 size-full\" src=\"https:\/\/feuerwehr-holdorf.de\/wp-content\/uploads\/2023\/12\/2015_FF-Lorse.jpg\" alt=\"\" width=\"300\" height=\"125\"><\/a>22 Eins\u00e4tze<\/strong><\/span><\/td>\r\n<\/tr>\r\n<tr style=\"height: 149px;\">\r\n<td style=\"width: 50%; text-align: center; height: 149px;\"><span style=\"color: #ff0000;\"><strong><a style=\"color: #ff0000;\" href=\"https:\/\/feuerwehr-holdorf.de\/?page_id=149\"><img loading=\"lazy\" decoding=\"async\" class=\"aligncenter wp-image-6762 size-full\" src=\"https:\/\/feuerwehr-holdorf.de\/wp-content\/uploads\/2023\/12\/2016_FF-Lorse.jpg\" alt=\"\" width=\"300\" height=\"125\"><\/a>16 Eins\u00e4tze<\/strong><\/span><\/td>\r\n<td style=\"width: 50%; text-align: center; height: 149px;\"><span style=\"color: #ff0000;\"><strong><a style=\"color: #ff0000;\" href=\"https:\/\/feuerwehr-holdorf.de\/?page_id=1626\"><img loading=\"lazy\" decoding=\"async\" class=\"aligncenter wp-image-6763 size-full\" src=\"https:\/\/feuerwehr-holdorf.de\/wp-content\/uploads\/2023\/12\/2017_FF-Lorse.jpg\" alt=\"\" width=\"300\" height=\"125\"><\/a>31 Eins\u00e4tze<\/strong><\/span><\/td>\r\n<\/tr>\r\n<tr style=\"height: 149px;\">\r\n<td style=\"width: 50%; text-align: center; height: 149px;\"><span style=\"color: #ff0000;\"><strong><a style=\"color: #ff0000;\" href=\"https:\/\/feuerwehr-holdorf.de\/?page_id=2185\"><img loading=\"lazy\" decoding=\"async\" class=\"aligncenter wp-image-6764 size-full\" src=\"https:\/\/feuerwehr-holdorf.de\/wp-content\/uploads\/2023\/12\/2018_FF-Lorse.jpg\" alt=\"\" width=\"300\" height=\"125\"><\/a>26 Eins\u00e4tze<\/strong><\/span><\/td>\r\n<td style=\"width: 50%; text-align: center; height: 149px;\"><span style=\"color: #ff0000;\"><strong><a style=\"color: #ff0000;\" href=\"https:\/\/feuerwehr-holdorf.de\/?page_id=3139\"><img loading=\"lazy\" decoding=\"async\" class=\"aligncenter wp-image-6765 size-full\" src=\"https:\/\/feuerwehr-holdorf.de\/wp-content\/uploads\/2023\/12\/2019_FF-Lorse.jpg\" alt=\"\" width=\"300\" height=\"125\"><\/a>34 Eins\u00e4tze<\/strong><\/span><\/td>\r\n<\/tr>\r\n<tr style=\"height: 149px;\">\r\n<td style=\"width: 50%; text-align: center; height: 149px;\"><span style=\"color: #ff0000;\"><strong><a style=\"color: #ff0000;\" href=\"https:\/\/feuerwehr-holdorf.de\/?page_id=4012\"><img loading=\"lazy\" decoding=\"async\" class=\"aligncenter wp-image-6766 size-full\" src=\"https:\/\/feuerwehr-holdorf.de\/wp-content\/uploads\/2023\/12\/2020_FF-Lorse.jpg\" alt=\"\" width=\"300\" height=\"125\"><\/a>17 Eins\u00e4tze<\/strong><\/span><\/td>\r\n<td style=\"width: 50%; text-align: center; height: 149px;\"><span style=\"color: #ff0000;\"><strong><a style=\"color: #ff0000;\" href=\"https:\/\/feuerwehr-holdorf.de\/?page_id=4868\"><img loading=\"lazy\" decoding=\"async\" class=\"aligncenter wp-image-6767 size-full\" src=\"https:\/\/feuerwehr-holdorf.de\/wp-content\/uploads\/2023\/12\/2021_FF-Lorse.jpg\" alt=\"\" width=\"300\" height=\"125\"><\/a>18 Eins\u00e4tze<\/strong><\/span><\/td>\r\n<\/tr>\r\n<tr style=\"height: 173px;\">\r\n<td style=\"width: 50%; text-align: center; height: 173px;\"><a href=\"https:\/\/feuerwehr-holdorf.de\/?page_id=5453\"><img loading=\"lazy\" decoding=\"async\" class=\"aligncenter wp-image-6768 size-full\" src=\"https:\/\/feuerwehr-holdorf.de\/wp-content\/uploads\/2023\/12\/2022_FF-Lorse.jpg\" alt=\"\" width=\"300\" height=\"125\"><\/a><span style=\"color: #ff0000;\"><strong>55 Eins\u00e4tze<\/strong><\/span><\/td>\r\n<td style=\"width: 50%; text-align: center; height: 173px;\"><span style=\"color: #ff0000;\"><strong><a href=\"https:\/\/feuerwehr-holdorf.de\/?page_id=6208\"><img loading=\"lazy\" decoding=\"async\" class=\"aligncenter wp-image-6769 size-full\" src=\"https:\/\/feuerwehr-holdorf.de\/wp-content\/uploads\/2023\/12\/2023_FF-Lorse.jpg\" alt=\"\" width=\"300\" height=\"125\"><\/a>25 Eins\u00e4tze&nbsp;<\/strong><\/span><\/td>\r\n<\/tr>\r\n<tr>\r\n<td style=\"width: 50%; text-align: center;\"><a href=\"https:\/\/feuerwehr-holdorf.de\/?page_id=6750\"><img loading=\"lazy\" decoding=\"async\" class=\"aligncenter wp-image-7196 size-full\" src=\"https:\/\/feuerwehr-holdorf.de\/wp-content\/uploads\/2024\/12\/2024_FF-Lorse.jpg\" alt=\"\" width=\"300\" height=\"125\"><\/a><span style=\"color: #ff0000;\"><strong>27 Eins\u00e4tze<\/strong><\/span><\/td>\r\n<td style=\"width: 50%; text-align: center;\"><span style=\"color: #ff0000;\"><strong><a href=\"https:\/\/feuerwehr-holdorf.de\/?page_id=7232\"><img loading=\"lazy\" decoding=\"async\" class=\"aligncenter wp-image-7756 size-full\" src=\"https:\/\/feuerwehr-holdorf.de\/wp-content\/uploads\/2025\/12\/2025_FF-Lorse.jpg\" alt=\"\" width=\"300\" height=\"125\"><\/a>31 Eins\u00e4tze&nbsp;<\/strong><\/span><\/td>\r\n<\/tr>\r\n<\/tbody>\r\n<\/table>\r\n<p>&nbsp;<\/p>\r\n<p><\/p>","protected":false},"excerpt":{"rendered":"<p>Nachfolgend hier eine \u00dcbersicht der Eins\u00e4tze der letzten Jahre. Mit einem Klick auf die Grafik \u00f6ffnet sich die Einsatztabelle des jeweiligen Jahres! 16 Eins\u00e4tze 21 Eins\u00e4tze 44 Eins\u00e4tze 19 Eins\u00e4tze 14 Eins\u00e4tze 22 Eins\u00e4tze 16 Eins\u00e4tze 31 Eins\u00e4tze 26 Eins\u00e4tze<\/p>\n","protected":false},"author":2,"featured_media":0,"parent":138,"menu_order":0,"comment_status":"closed","ping_status":"closed","template":"","meta":{"ngg_post_thumbnail":0,"footnotes":""},"class_list":["post-5437","page","type-page","status-publish","hentry"],"_links":{"self":[{"href":"https:\/\/test.feuerwehr-holdorf.de\/index.php?rest_route=\/wp\/v2\/pages\/5437","targetHints":{"allow":["GET"]}}],"collection":[{"href":"https:\/\/test.feuerwehr-holdorf.de\/index.php?rest_route=\/wp\/v2\/pages"}],"about":[{"href":"https:\/\/test.feuerwehr-holdorf.de\/index.php?rest_route=\/wp\/v2\/types\/page"}],"author":[{"embeddable":true,"href":"https:\/\/test.feuerwehr-holdorf.de\/index.php?rest_route=\/wp\/v2\/users\/2"}],"replies":[{"embeddable":true,"href":"https:\/\/test.feuerwehr-holdorf.de\/index.php?rest_route=%2Fwp%2Fv2%2Fcomments&post=5437"}],"version-history":[{"count":10,"href":"https:\/\/test.feuerwehr-holdorf.de\/index.php?rest_route=\/wp\/v2\/pages\/5437\/revisions"}],"predecessor-version":[{"id":7770,"href":"https:\/\/test.feuerwehr-holdorf.de\/index.php?rest_route=\/wp\/v2\/pages\/5437\/revisions\/7770"}],"up":[{"embeddable":true,"href":"https:\/\/test.feuerwehr-holdorf.de\/index.php?rest_route=\/wp\/v2\/pages\/138"}],"wp:attachment":[{"href":"https:\/\/test.feuerwehr-holdorf.de\/index.php?rest_route=%2Fwp%2Fv2%2Fmedia&parent=5437"}],"curies":[{"name":"wp","href":"https:\/\/api.w.org\/{rel}","templated":true}]}}